{"id":2824,"date":"2021-09-08T06:15:58","date_gmt":"2021-09-08T08:15:58","guid":{"rendered":"http:\/\/www.pirmojigimnazija.lt\/biblioteka\/?page_id=2824"},"modified":"2023-12-07T09:30:18","modified_gmt":"2023-12-07T11:30:18","slug":"elekroninis-katalogas","status":"publish","type":"page","link":"https:\/\/www.pirmojigimnazija.lt\/biblioteka\/index.php\/elekroninis-katalogas\/","title":{"rendered":"Elektroninis katalogas"},"content":{"rendered":"\n<p><strong>MOBIS elektroninis katalogas<\/strong> suteikia galimyb\u0119 gimnazijos bibliotekos skaitytojams:<\/p>\n\n\n\n<ul>\n<li>atlikti paie\u0161k\u0105 bibliotekos kataloge;<\/li>\n\n\n\n<li>&nbsp;u\u017esakyti, rezervuoti dokumentus;<\/li>\n\n\n\n<li>&nbsp;matyti skaitom\u0173, u\u017esakyt\u0173 ar rezervuot\u0173 duomenis;<\/li>\n\n\n\n<li>sudaryti norim\u0173 skaityti dokument\u0173 s\u0105ra\u0161us.<\/li>\n<\/ul>\n\n\n\n<p><strong>Kaip prisijungti prie el. katalogo:<\/strong>    <\/p>\n\n\n\n<p><\/p>\n\n\n\n<p><em><strong>Spaud\u017eiate katalogo logotip\u0105<\/strong> <\/em>:<\/p>\n\n\n\n<figure class=\"wp-block-image size-large is-resized is-style-rounded\"><a href=\"https:\/\/www.imobis.lt\/app\/mobis\/pirmoji-silute\"><img loading=\"lazy\" decoding=\"async\" src=\"http:\/\/www.pirmojigimnazija.lt\/biblioteka\/wp-content\/uploads\/2021\/09\/bibliotekos-logotipas-1-1.png\" alt=\"\" class=\"wp-image-2846\" width=\"354\" height=\"354\" srcset=\"https:\/\/www.pirmojigimnazija.lt\/biblioteka\/wp-content\/uploads\/2021\/09\/bibliotekos-logotipas-1-1.png 500w, https:\/\/www.pirmojigimnazija.lt\/biblioteka\/wp-content\/uploads\/2021\/09\/bibliotekos-logotipas-1-1-300x300.png 300w, https:\/\/www.pirmojigimnazija.lt\/biblioteka\/wp-content\/uploads\/2021\/09\/bibliotekos-logotipas-1-1-150x150.png 150w, https:\/\/www.pirmojigimnazija.lt\/biblioteka\/wp-content\/uploads\/2021\/09\/bibliotekos-logotipas-1-1-230x230.png 230w, https:\/\/www.pirmojigimnazija.lt\/biblioteka\/wp-content\/uploads\/2021\/09\/bibliotekos-logotipas-1-1-365x365.png 365w\" sizes=\"(max-width: 354px) 100vw, 354px\" \/><\/a><\/figure>\n\n\n\n<p><strong><em>Prisijungti <\/em><\/strong><em><strong>&#8211;  suvedate savo skaitytojo bilieto numer\u012f ir slapta\u017eod\u012f<\/strong> <\/em>       <\/p>\n\n\n\n<p> ( <em>J\u012f J\u016bs gausite gimnazijos bibliotekoje)<\/em><\/p>\n\n\n\n<p>Pirm\u0105 kart\u0105 prisijung\u0119 galite pakeisti slapta\u017eod\u012f, spausdami savo pavard\u0119 ir pasirinkdami meniu punkt\u0105 <em>Profilis<\/em>.<\/p>\n\n\n\n<p>Jeigu taip nutikt\u0173, kad pamir\u0161ote savo susikurt\u0105 slapta\u017eod\u012f \u2013 kreipkit\u0117s \u012f bibliotekos darbuotoj\u0105. Ji atstatys&nbsp; pradin\u012f slapta\u017eod\u012f.<\/p>\n\n\n\n<p>\u012eveskite savo el. pa\u0161to adres\u0105 (jei toks n\u0117ra \u012fvestas), kad gautum\u0117te raginim\u0105 gr\u0105\u017einti leidin\u012f, jeigu b\u016bsite pradels\u0119 gr\u0105\u017einimo termin\u0105 <\/p>\n\n\n\n<p><strong>Kaip naudotis elektroniniu katalogu:<\/strong><\/p>\n\n\n\n<p>u\u017esakyti dokumentus gali tik prie el. katalogo prisijung\u0119 vartotojai.<\/p>\n\n\n\n<p>Surad\u0119 reikiam\u0105 dokument\u0105, galite j\u012f u\u017esakyti ir atsiimti bibliotekoje per 2 darbo dienas. Nepa\u0117mus dokumento, u\u017esakymas anuliuojamas.<\/p>\n\n\n\n<p>Jeigu laisv\u0173 egzempliori\u0173 n\u0117ra, galite dokument\u0105 rezervuoti. Rezervavimo metu nurodykite kalendoriuje Jums aktuali\u0105 dat\u0105 iki kada sutinkate laukti eil\u0117je dokumento. Jeigu datos nepasirinksite \u2013 pagal nutyl\u0117jim\u0105 bus u\u017ed\u0117ta maksimali laukimo \u017eyma 365 dienoms.<\/p>\n\n\n\n<p>Vis\u0105 informacij\u0105 apie savo dokumentus matysite paspaud\u0119 meniu punktus <em>U\u017esakymai, Rezervavimai:<\/em><\/p>\n\n\n\n<ul>\n<li>\u010dia galite at\u0161aukti savo u\u017esakymus ir rezervavimus, jeigu jie jums n\u0117ra aktual\u016bs;<\/li>\n\n\n\n<li>matyti gr\u0105\u017einimo\/rezervavimo terminus;<\/li>\n\n\n\n<li>prasit\u0119sti dokumentus <\/li>\n<\/ul>\n\n\n\n<p>Galite susidaryti savo asmenin\u012f norim\u0173 skaityti dokument\u0173 katalog\u0105. Tereikia pa\u017eym\u0117ti prie Jums aktualaus \u012fra\u0161o . J\u0105 at\u017eym\u0117jus, \u012fra\u0161as i\u0161 asmeninio katalogo pasi\u0161alins.<\/p>\n\n\n\n<p><strong>I\u0161kilus klausimams \u2013 kreipkit\u0117s \u012f bibliotekos darbuotoj\u0105!<\/strong><\/p>\n\n\n","protected":false},"excerpt":{"rendered":"<p>MOBIS elektroninis katalogas suteikia galimyb\u0119 gimnazijos bibliotekos skaitytojams: Kaip prisijungti prie el. katalogo: Spaud\u017eiate katalogo logotip\u0105 : Prisijungti &#8211; suvedate savo skaitytojo bilieto numer\u012f ir slapta\u017eod\u012f ( J\u012f J\u016bs gausite gimnazijos bibliotekoje) Pirm\u0105 kart\u0105 prisijung\u0119 galite pakeisti slapta\u017eod\u012f, spausdami savo<\/p>\n","protected":false},"author":2,"featured_media":2833,"parent":0,"menu_order":0,"comment_status":"closed","ping_status":"closed","template":"","meta":{"ngg_post_thumbnail":0,"footnotes":""},"_links":{"self":[{"href":"https:\/\/www.pirmojigimnazija.lt\/biblioteka\/index.php\/wp-json\/wp\/v2\/pages\/2824"}],"collection":[{"href":"https:\/\/www.pirmojigimnazija.lt\/biblioteka\/index.php\/wp-json\/wp\/v2\/pages"}],"about":[{"href":"https:\/\/www.pirmojigimnazija.lt\/biblioteka\/index.php\/wp-json\/wp\/v2\/types\/page"}],"author":[{"embeddable":true,"href":"https:\/\/www.pirmojigimnazija.lt\/biblioteka\/index.php\/wp-json\/wp\/v2\/users\/2"}],"replies":[{"embeddable":true,"href":"https:\/\/www.pirmojigimnazija.lt\/biblioteka\/index.php\/wp-json\/wp\/v2\/comments?post=2824"}],"version-history":[{"count":13,"href":"https:\/\/www.pirmojigimnazija.lt\/biblioteka\/index.php\/wp-json\/wp\/v2\/pages\/2824\/revisions"}],"predecessor-version":[{"id":4029,"href":"https:\/\/www.pirmojigimnazija.lt\/biblioteka\/index.php\/wp-json\/wp\/v2\/pages\/2824\/revisions\/4029"}],"wp:featuredmedia":[{"embeddable":true,"href":"https:\/\/www.pirmojigimnazija.lt\/biblioteka\/index.php\/wp-json\/wp\/v2\/media\/2833"}],"wp:attachment":[{"href":"https:\/\/www.pirmojigimnazija.lt\/biblioteka\/index.php\/wp-json\/wp\/v2\/media?parent=2824"}],"curies":[{"name":"wp","href":"https:\/\/api.w.org\/{rel}","templated":true}]}}