{"id":24,"date":"2016-03-12T15:51:03","date_gmt":"2016-03-12T17:51:03","guid":{"rendered":"http:\/\/www.pirmojigimnazija.lt\/biblioteka\/?page_id=24"},"modified":"2025-10-06T05:47:15","modified_gmt":"2025-10-06T07:47:15","slug":"rekomenduojame","status":"publish","type":"page","link":"https:\/\/www.pirmojigimnazija.lt\/biblioteka\/index.php\/rekomenduojame\/","title":{"rendered":"Programin\u0117s literat\u016bros s\u0105ra\u0161as"},"content":{"rendered":"<h2 style=\"text-align: center;\"><\/h2>\n<p style=\"text-align: center;\"><a href=\"http:\/\/www.pirmojigimnazija.lt\/biblioteka\/wp-content\/uploads\/2025\/10\/Dizainas-be-pavadinimo-21.png\"><img loading=\"lazy\" decoding=\"async\" class=\"alignnone wp-image-4972 size-medium\" src=\"http:\/\/www.pirmojigimnazija.lt\/biblioteka\/wp-content\/uploads\/2025\/10\/Dizainas-be-pavadinimo-21-e1759730945497-300x173.png\" alt=\"\" width=\"300\" height=\"173\" srcset=\"https:\/\/www.pirmojigimnazija.lt\/biblioteka\/wp-content\/uploads\/2025\/10\/Dizainas-be-pavadinimo-21-e1759730945497-300x173.png 300w, https:\/\/www.pirmojigimnazija.lt\/biblioteka\/wp-content\/uploads\/2025\/10\/Dizainas-be-pavadinimo-21-e1759730945497-1024x589.png 1024w, https:\/\/www.pirmojigimnazija.lt\/biblioteka\/wp-content\/uploads\/2025\/10\/Dizainas-be-pavadinimo-21-e1759730945497-768x442.png 768w, https:\/\/www.pirmojigimnazija.lt\/biblioteka\/wp-content\/uploads\/2025\/10\/Dizainas-be-pavadinimo-21-e1759730945497-1536x883.png 1536w, https:\/\/www.pirmojigimnazija.lt\/biblioteka\/wp-content\/uploads\/2025\/10\/Dizainas-be-pavadinimo-21-e1759730945497.png 1920w\" sizes=\"(max-width: 300px) 100vw, 300px\" \/><\/a><\/p>\n<p style=\"text-align: center;\"><em><span style=\"color: #0000ff;\"><strong>I klas\u0117s programiniai k\u016briniai:<\/strong><\/span><\/em><\/p>\n<p style=\"padding-left: 280px;\">K.Boruta \u201eBaltaragio mal\u016bnas\u201c;<\/p>\n<p style=\"padding-left: 280px;\">A.Baranauskas \u201eAnyk\u0161\u010di\u0173 \u0161ilelis\u201c;<\/p>\n<p style=\"padding-left: 280px;\">V.Kr\u0117v\u0117 \u201eSkerd\u017eius\u201c;<\/p>\n<p style=\"padding-left: 280px;\">Just. Marcinkevi\u010dius \u201eMindaugas\u201c;<\/p>\n<p style=\"padding-left: 280px;\">D.Grinkevi\u010di\u016bt\u0117 \u201eLietuviai prie Laptev\u0173 j\u016bros\u201c<\/p>\n<p style=\"padding-left: 280px;\">O.Vaildas \u201eDoriano Gr\u0117jaus portretas\u201c;<\/p>\n<p style=\"padding-left: 280px;\">D\u017e.D.Selind\u017eeris \u201eRugiuose prie bedugn\u0117s\u201c;<\/p>\n<p style=\"padding-left: 280px;\">I.\u0160einius \u201eKuprelis\u201c;<\/p>\n<p style=\"padding-left: 280px;\">Moljeras\u00a0 \u201eTartiufas, arba apgavikas\u201c;<\/p>\n<p style=\"padding-left: 280px;\">V.Juknait\u0117\u00a0 \u201eI\u0161siduosiu. Balsu\u201c;<\/p>\n<p style=\"padding-left: 280px;\">D\u017e.Orvelas \u201eGyvuli\u0173 \u016bkis\u201c.<\/p>\n<p style=\"text-align: center;\"><em>\u00a0\u00a0<span style=\"color: #0000ff;\"><strong>II klas\u0117s programiniai k\u016briniai:<\/strong><\/span><\/em><\/p>\n<div>\n<div>\n<p style=\"text-align: center;\">\n<\/div>\n<div>\n<p style=\"padding-left: 280px;\">Graik\u0173 mitai ( Promet\u0117jas, Sizifas, Orf\u0117jas ir Euridik\u0117, Dedalas ir Ikaras, Narcizas);<\/p>\n<p style=\"padding-left: 280px;\">Homeras \u201eIliada\u2018 arba\u201cOdis\u0117ja\u201c (I\u0161traukos);<\/p>\n<p style=\"padding-left: 280px;\">Sofoklis \u201eAntigon\u0117\u201c;<\/p>\n<p style=\"padding-left: 280px;\">Senojo ir Naujojo testamento i\u0161traukos;<\/p>\n<p style=\"padding-left: 280px;\">Dant\u0117 \u201eDievi\u0161koji komedija\u201c, \u201ePragaras\u201c;<\/p>\n<p style=\"padding-left: 280px;\">M.de Servantesas \u201eDon Kichotas\u201c I dalis;<\/p>\n<p style=\"padding-left: 280px;\">V.\u0160ekspyras, \u201eHamletas\u201c;<\/p>\n<p style=\"padding-left: 280px;\">J.Gru\u0161as \u201eMeil\u0117,d\u017eiazas ir velnias\u201c;<\/p>\n<p style=\"padding-left: 280px;\">V.Goldingas \u201eMusi\u0173 valdovas\u201c.<\/p>\n<\/div>\n<p style=\"text-align: center;\"><em><span style=\"color: #0000ff;\"><strong>III klas\u0117s programiniai k\u016briniai:<\/strong><\/span><\/em><\/p>\n<div>\n<p style=\"padding-left: 280px;\">K.Donelaitis \u201eMetai\u201c; B kursui<\/p>\n<p style=\"padding-left: 280px;\">J.V.G\u0117t\u0117 \u201e Faustas\u201c I dalis;<\/p>\n<p style=\"padding-left: 280px;\">A.Mickevi\u010dius \u201ePonas Tadas\u201c arba \u201eV\u0117lin\u0117s\u201c;<\/p>\n<p style=\"padding-left: 280px;\">Maironis pasirinkti eil\u0117ra\u0161\u010diai; B kursui<\/p>\n<p style=\"padding-left: 280px;\">J.Bili\u016bnas apysaka \u201eLi\u016bdna pasaka\u201c ir apsakymai;<\/p>\n<p style=\"padding-left: 280px;\">G.de Mopasanas \u201e Du draugai\u201c arba kt.<\/p>\n<p style=\"padding-left: 280px;\">\u0160atrijos Ragana \u201eSename dvare\u201c;<\/p>\n<p style=\"padding-left: 280px;\">V.Kr\u0117v\u0117 \u201eSkirgaila\u201c; B kursui<\/p>\n<p style=\"padding-left: 280px;\">V.Mykolaitis-Putinas \u201e Altori\u0173 \u0161e\u0161\u0117l\u012f\u201c ir pasirinkti \u00a0\u00a0eil\u0117ra\u0161\u010diai; B kursui<\/p>\n<p style=\"padding-left: 280px;\">J.Savickis pasirinktos novel\u0117s \u201eVagis\u201c, \u201eAd Astra\u201c, \u201eKova\u201c ;<\/p>\n<p style=\"padding-left: 280px;\">H.Radauskas pasirinkti eil\u0117ra\u0161\u010diai;<\/p>\n<p style=\"padding-left: 280px;\">F.Kafka \u201e Metamorfoz\u0117\u201c.<\/p>\n<div>\n<div style=\"text-align: left;\">\n<p style=\"text-align: center;\"><em><span style=\"color: #0000ff;\"><strong>IV klas\u0117s programiniai k\u016briniai:<\/strong><\/span><\/em><\/p>\n<\/div>\n<\/div>\n<\/div>\n<\/div>\n<p style=\"padding-left: 280px;\">B.Sruoga \u201eDiev\u0173 mi\u0161kas\u201c; B kursui<\/p>\n<p style=\"padding-left: 280px;\">D\u017e.Orvelas \u201e1984-ieji\u201c;<\/p>\n<p style=\"padding-left: 280px;\">A.\u0160k\u0117ma \u201e Balta drobul\u0117\u201c;<\/p>\n<p style=\"padding-left: 280px;\">J.Aputis pasirinkti apsakymai;<\/p>\n<p style=\"padding-left: 280px;\">R.Granauskas \u201eJau\u010dio aukojimas\u201c arba pasirinkti apsakymai;<\/p>\n<p style=\"padding-left: 280px;\">M.Katili\u0161kis \u201eMi\u0161kais ateina ruduo\u201c;<\/p>\n<p style=\"padding-left: 280px;\">Just.Marcinkevi\u010dius \u201eMa\u017evydas\u201c;<\/p>\n<p style=\"padding-left: 280px;\">S.Beketas \u201eBelaukiant Godo\u201c;<\/p>\n<p style=\"padding-left: 280px;\">J.Kun\u010dinas \u201eT\u016bla\u201c;<\/p>\n<p style=\"padding-left: 280px;\">M.Iva\u0161kevi\u010dius \u201e Madagaskaras\u201c.<\/p>\n<p>&nbsp;<\/p>\n<h3 style=\"text-align: center;\"><\/h3>\n","protected":false},"excerpt":{"rendered":"<p>I klas\u0117s programiniai k\u016briniai: K.Boruta \u201eBaltaragio mal\u016bnas\u201c; A.Baranauskas \u201eAnyk\u0161\u010di\u0173 \u0161ilelis\u201c; V.Kr\u0117v\u0117 \u201eSkerd\u017eius\u201c; Just. Marcinkevi\u010dius \u201eMindaugas\u201c; D.Grinkevi\u010di\u016bt\u0117 \u201eLietuviai prie Laptev\u0173 j\u016bros\u201c O.Vaildas \u201eDoriano Gr\u0117jaus portretas\u201c; D\u017e.D.Selind\u017eeris \u201eRugiuose prie bedugn\u0117s\u201c; I.\u0160einius \u201eKuprelis\u201c; Moljeras\u00a0 \u201eTartiufas, arba apgavikas\u201c; V.Juknait\u0117\u00a0 \u201eI\u0161siduosiu. Balsu\u201c; D\u017e.Orvelas \u201eGyvuli\u0173 \u016bkis\u201c.<\/p>\n","protected":false},"author":1,"featured_media":0,"parent":0,"menu_order":0,"comment_status":"closed","ping_status":"closed","template":"","meta":{"ngg_post_thumbnail":0,"footnotes":""},"_links":{"self":[{"href":"https:\/\/www.pirmojigimnazija.lt\/biblioteka\/index.php\/wp-json\/wp\/v2\/pages\/24"}],"collection":[{"href":"https:\/\/www.pirmojigimnazija.lt\/biblioteka\/index.php\/wp-json\/wp\/v2\/pages"}],"about":[{"href":"https:\/\/www.pirmojigimnazija.lt\/biblioteka\/index.php\/wp-json\/wp\/v2\/types\/page"}],"author":[{"embeddable":true,"href":"https:\/\/www.pirmojigimnazija.lt\/biblioteka\/index.php\/wp-json\/wp\/v2\/users\/1"}],"replies":[{"embeddable":true,"href":"https:\/\/www.pirmojigimnazija.lt\/biblioteka\/index.php\/wp-json\/wp\/v2\/comments?post=24"}],"version-history":[{"count":41,"href":"https:\/\/www.pirmojigimnazija.lt\/biblioteka\/index.php\/wp-json\/wp\/v2\/pages\/24\/revisions"}],"predecessor-version":[{"id":4976,"href":"https:\/\/www.pirmojigimnazija.lt\/biblioteka\/index.php\/wp-json\/wp\/v2\/pages\/24\/revisions\/4976"}],"wp:attachment":[{"href":"https:\/\/www.pirmojigimnazija.lt\/biblioteka\/index.php\/wp-json\/wp\/v2\/media?parent=24"}],"curies":[{"name":"wp","href":"https:\/\/api.w.org\/{rel}","templated":true}]}}